{"id":1973,"date":"2025-12-02T12:49:56","date_gmt":"2025-12-02T12:49:56","guid":{"rendered":"https:\/\/www.hantuketimurunleri.com\/?page_id=1973"},"modified":"2025-12-02T12:52:49","modified_gmt":"2025-12-02T12:52:49","slug":"handerma","status":"publish","type":"page","link":"https:\/\/www.hantuketimurunleri.com\/index.php\/handerma\/","title":{"rendered":"Handerma"},"content":{"rendered":"\t\t<div data-elementor-type=\"wp-page\" data-elementor-id=\"1973\" class=\"elementor elementor-1973\">\n\t\t\t\t\t\t<section class=\"elementor-section elementor-top-section elementor-element elementor-element-77b7f9c elementor-section-full_width elementor-section-height-default elementor-section-height-default shape-bg-top-no shape-bg-bottom-no\" data-id=\"77b7f9c\" data-element_type=\"section\" data-e-type=\"section\">\n\t\t\t\t\t\t<div class=\"elementor-container elementor-column-gap-default\">\n\t\t\t\t\t<div class=\"elementor-column elementor-col-100 elementor-top-column elementor-element elementor-element-b2477c2\" data-id=\"b2477c2\" data-element_type=\"column\" data-e-type=\"column\">\n\t\t\t<div class=\"elementor-widget-wrap elementor-element-populated\">\n\t\t\t\t\t\t<div class=\"elementor-element elementor-element-a3f546c elementor-widget elementor-widget-gva_post_breadcrumb\" data-id=\"a3f546c\" data-element_type=\"widget\" data-e-type=\"widget\" data-widget_type=\"gva_post_breadcrumb.default\">\n\t\t\t\t<div class=\"elementor-widget-container\">\n\t\t\t\t\t<div class=\"gva-element-gva_post_breadcrumb gva-element\">   \r\n<div class=\"post-breadcrumb\">\r\n   <div class=\"custom-breadcrumb \" >\r\n            <div class=\"breadcrumb-main\">\r\n        <div class=\"container\">\r\n          <div class=\"breadcrumb-container-inner\">\r\n            <h2 class=\"heading-title\">Handerma<\/h2><ol class=\"breadcrumb\"><li><a href=\"https:\/\/www.hantuketimurunleri.com\">Home<\/a> <\/li> <li class=\"active\">Sayfa<\/li><\/ol>          <\/div>  \r\n        <\/div>   \r\n      <\/div>  \r\n   <\/div>\r\n<\/div>      \r\n\r\n<\/div>\t\t\t\t<\/div>\n\t\t\t\t<\/div>\n\t\t\t\t\t<\/div>\n\t\t<\/div>\n\t\t\t\t\t<\/div>\n\t\t<\/section>\n\t\t\t\t<section class=\"elementor-section elementor-top-section elementor-element elementor-element-5522553 elementor-section-boxed elementor-section-height-default elementor-section-height-default shape-bg-top-no shape-bg-bottom-no\" data-id=\"5522553\" data-element_type=\"section\" data-e-type=\"section\">\n\t\t\t\t\t\t<div class=\"elementor-container elementor-column-gap-default\">\n\t\t\t\t\t<div class=\"elementor-column elementor-col-100 elementor-top-column elementor-element elementor-element-2ea2068\" data-id=\"2ea2068\" data-element_type=\"column\" data-e-type=\"column\">\n\t\t\t<div class=\"elementor-widget-wrap\">\n\t\t\t\t\t\t\t<\/div>\n\t\t<\/div>\n\t\t\t\t\t<\/div>\n\t\t<\/section>\n\t\t\t\t<section class=\"elementor-section elementor-top-section elementor-element elementor-element-f302bf9 elementor-section-boxed elementor-section-height-default elementor-section-height-default shape-bg-top-no shape-bg-bottom-no\" data-id=\"f302bf9\" data-element_type=\"section\" data-e-type=\"section\">\n\t\t\t\t\t\t<div class=\"elementor-container elementor-column-gap-default\">\n\t\t\t\t\t<div class=\"elementor-column elementor-col-100 elementor-top-column elementor-element elementor-element-bda471f\" data-id=\"bda471f\" data-element_type=\"column\" data-e-type=\"column\">\n\t\t\t<div class=\"elementor-widget-wrap elementor-element-populated\">\n\t\t\t\t\t\t<div class=\"elementor-element elementor-element-c716a68 elementor-widget__width-initial elementor-widget elementor-widget-image\" data-id=\"c716a68\" data-element_type=\"widget\" data-e-type=\"widget\" data-widget_type=\"image.default\">\n\t\t\t\t<div class=\"elementor-widget-container\">\n\t\t\t\t\t\t\t\t\t\t\t\t\t\t\t<img loading=\"lazy\" decoding=\"async\" width=\"900\" height=\"275\" src=\"https:\/\/www.hantuketimurunleri.com\/wp-content\/uploads\/2025\/12\/handermalogo.jpg\" class=\"attachment-large size-large wp-image-1976\" alt=\"\" srcset=\"https:\/\/www.hantuketimurunleri.com\/wp-content\/uploads\/2025\/12\/handermalogo.jpg 1000w, https:\/\/www.hantuketimurunleri.com\/wp-content\/uploads\/2025\/12\/handermalogo-768x234.jpg 768w\" sizes=\"auto, (max-width: 900px) 100vw, 900px\" \/>\t\t\t\t\t\t\t\t\t\t\t\t\t\t\t<\/div>\n\t\t\t\t<\/div>\n\t\t\t\t\t<\/div>\n\t\t<\/div>\n\t\t\t\t\t<\/div>\n\t\t<\/section>\n\t\t\t\t<section class=\"elementor-section elementor-top-section elementor-element elementor-element-dfcec26 elementor-section-boxed elementor-section-height-default elementor-section-height-default shape-bg-top-no shape-bg-bottom-no\" data-id=\"dfcec26\" data-element_type=\"section\" data-e-type=\"section\">\n\t\t\t\t\t\t<div class=\"elementor-container elementor-column-gap-default\">\n\t\t\t\t\t<div class=\"elementor-column elementor-col-100 elementor-top-column elementor-element elementor-element-e7a36d8\" data-id=\"e7a36d8\" data-element_type=\"column\" data-e-type=\"column\">\n\t\t\t<div class=\"elementor-widget-wrap elementor-element-populated\">\n\t\t\t\t\t\t<div class=\"elementor-element elementor-element-9d0b4ae elementor-widget__width-initial elementor-widget elementor-widget-text-editor\" data-id=\"9d0b4ae\" data-element_type=\"widget\" data-e-type=\"widget\" data-widget_type=\"text-editor.default\">\n\t\t\t\t<div class=\"elementor-widget-container\">\n\t\t\t\t\t\t\t\t\t<p>Handerma, 30 y\u0131ll\u0131k tecr\u00fcbenin ve birikimin \u00fcr\u00fcn\u00fc olarak aktar k\u00fclt\u00fcr\u00fcnden do\u011fan do\u011fal kozmetik markas\u0131d\u0131r. Y\u0131llar boyunca bitkilerin g\u00fcc\u00fcn\u00fc, u\u00e7ucu ya\u011flar\u0131n etkisini ve geleneksel form\u00fclleri yak\u0131ndan g\u00f6zlemleyerek geli\u015ftirdi\u011fimiz bilgi birikimini, modern kozmetik anlay\u0131\u015f\u0131yla birle\u015ftiriyoruz.<\/p><p>Markam\u0131z \u00f6zellikle aktar sekt\u00f6r\u00fcnde sat\u0131lmak \u00fczere tasarlanm\u0131\u015f olup, do\u011fall\u0131\u011f\u0131 \u00f6nemseyen, bitkisel i\u00e7eriklere g\u00fcvenen ve \u00fcr\u00fcn\u00fcn arka plan\u0131nda emek g\u00f6rmek isteyen kullan\u0131c\u0131lar i\u00e7in geli\u015ftirilmi\u015ftir. Handerma \u00fcr\u00fcnlerinde;<\/p><p>Do\u011fal aromaterapik ya\u011flar,<\/p><p>\u00d6zenle se\u00e7ilmi\u015f g\u00fc\u00e7l\u00fc esanslar,<\/p><p>Cilde uyumlu, g\u00fcvenilir do\u011fal hammaddeler<\/p><p>kullan\u0131lmaktad\u0131r.<\/p><p>Amac\u0131m\u0131z; aktarlarda y\u0131llard\u0131r s\u00fcren \u201cg\u00fcven ili\u015fkisini\u201d bozmadan, bu gelene\u011fi modern ve estetik bir do\u011fal kozmetik \u00e7izgisiyle bulu\u015fturmak. Handerma olarak, do\u011fadan ilham alan form\u00fcllerimizi, sade, anla\u015f\u0131l\u0131r ve kullan\u0131c\u0131 dostu bir yakla\u015f\u0131mla sunuyor; cilt bak\u0131m\u0131n\u0131 bir rit\u00fcelden \u00e7ok, do\u011fall\u0131\u011f\u0131n g\u00fcn\u00fcn her an\u0131na e\u015flik etti\u011fi bir ya\u015fam tarz\u0131na d\u00f6n\u00fc\u015ft\u00fcrmeyi hedefliyoruz.<\/p>\t\t\t\t\t\t\t\t<\/div>\n\t\t\t\t<\/div>\n\t\t\t\t\t<\/div>\n\t\t<\/div>\n\t\t\t\t\t<\/div>\n\t\t<\/section>\n\t\t\t\t<\/div>\n\t\t","protected":false},"excerpt":{"rendered":"<p>Handerma Home Sayfa Handerma, 30 y\u0131ll\u0131k tecr\u00fcbenin ve birikimin \u00fcr\u00fcn\u00fc olarak aktar k\u00fclt\u00fcr\u00fcnden do\u011fan do\u011fal kozmetik markas\u0131d\u0131r. Y\u0131llar boyunca bitkilerin g\u00fcc\u00fcn\u00fc, u\u00e7ucu ya\u011flar\u0131n etkisini ve geleneksel form\u00fclleri yak\u0131ndan g\u00f6zlemleyerek geli\u015ftirdi\u011fimiz [&hellip;]<\/p>\n","protected":false},"author":1,"featured_media":0,"parent":0,"menu_order":0,"comment_status":"closed","ping_status":"closed","template":"","meta":{"_eb_attr":"","footnotes":""},"class_list":["post-1973","page","type-page","status-publish","hentry"],"_links":{"self":[{"href":"https:\/\/www.hantuketimurunleri.com\/index.php\/wp-json\/wp\/v2\/pages\/1973","targetHints":{"allow":["GET"]}}],"collection":[{"href":"https:\/\/www.hantuketimurunleri.com\/index.php\/wp-json\/wp\/v2\/pages"}],"about":[{"href":"https:\/\/www.hantuketimurunleri.com\/index.php\/wp-json\/wp\/v2\/types\/page"}],"author":[{"embeddable":true,"href":"https:\/\/www.hantuketimurunleri.com\/index.php\/wp-json\/wp\/v2\/users\/1"}],"replies":[{"embeddable":true,"href":"https:\/\/www.hantuketimurunleri.com\/index.php\/wp-json\/wp\/v2\/comments?post=1973"}],"version-history":[{"count":4,"href":"https:\/\/www.hantuketimurunleri.com\/index.php\/wp-json\/wp\/v2\/pages\/1973\/revisions"}],"predecessor-version":[{"id":1979,"href":"https:\/\/www.hantuketimurunleri.com\/index.php\/wp-json\/wp\/v2\/pages\/1973\/revisions\/1979"}],"wp:attachment":[{"href":"https:\/\/www.hantuketimurunleri.com\/index.php\/wp-json\/wp\/v2\/media?parent=1973"}],"curies":[{"name":"wp","href":"https:\/\/api.w.org\/{rel}","templated":true}]}}