{"id":1696,"date":"2025-09-19T06:56:36","date_gmt":"2025-09-19T06:56:36","guid":{"rendered":"http:\/\/www.hantuketimurunleri.com\/?page_id=1696"},"modified":"2025-09-25T09:43:46","modified_gmt":"2025-09-25T09:43:46","slug":"otsa","status":"publish","type":"page","link":"https:\/\/www.hantuketimurunleri.com\/index.php\/otsa\/","title":{"rendered":"Otsa"},"content":{"rendered":"\t\t<div data-elementor-type=\"wp-page\" data-elementor-id=\"1696\" class=\"elementor elementor-1696\">\n\t\t\t\t\t\t<section class=\"elementor-section elementor-top-section elementor-element elementor-element-77b7f9c elementor-section-full_width elementor-section-height-default elementor-section-height-default shape-bg-top-no shape-bg-bottom-no\" data-id=\"77b7f9c\" data-element_type=\"section\" data-e-type=\"section\">\n\t\t\t\t\t\t<div class=\"elementor-container elementor-column-gap-default\">\n\t\t\t\t\t<div class=\"elementor-column elementor-col-100 elementor-top-column elementor-element elementor-element-b2477c2\" data-id=\"b2477c2\" data-element_type=\"column\" data-e-type=\"column\">\n\t\t\t<div class=\"elementor-widget-wrap elementor-element-populated\">\n\t\t\t\t\t\t<div class=\"elementor-element elementor-element-a3f546c elementor-widget elementor-widget-gva_post_breadcrumb\" data-id=\"a3f546c\" data-element_type=\"widget\" data-e-type=\"widget\" data-widget_type=\"gva_post_breadcrumb.default\">\n\t\t\t\t<div class=\"elementor-widget-container\">\n\t\t\t\t\t<div class=\"gva-element-gva_post_breadcrumb gva-element\">   \r\n<div class=\"post-breadcrumb\">\r\n   <div class=\"custom-breadcrumb \" >\r\n            <div class=\"breadcrumb-main\">\r\n        <div class=\"container\">\r\n          <div class=\"breadcrumb-container-inner\">\r\n            <h2 class=\"heading-title\">Otsa<\/h2><ol class=\"breadcrumb\"><li><a href=\"https:\/\/www.hantuketimurunleri.com\">Home<\/a> <\/li> <li class=\"active\">Sayfa<\/li><\/ol>          <\/div>  \r\n        <\/div>   \r\n      <\/div>  \r\n   <\/div>\r\n<\/div>      \r\n\r\n<\/div>\t\t\t\t<\/div>\n\t\t\t\t<\/div>\n\t\t\t\t\t<\/div>\n\t\t<\/div>\n\t\t\t\t\t<\/div>\n\t\t<\/section>\n\t\t\t\t<section class=\"elementor-section elementor-top-section elementor-element elementor-element-5522553 elementor-section-boxed elementor-section-height-default elementor-section-height-default shape-bg-top-no shape-bg-bottom-no\" data-id=\"5522553\" data-element_type=\"section\" data-e-type=\"section\">\n\t\t\t\t\t\t<div class=\"elementor-container elementor-column-gap-default\">\n\t\t\t\t\t<div class=\"elementor-column elementor-col-100 elementor-top-column elementor-element elementor-element-2ea2068\" data-id=\"2ea2068\" data-element_type=\"column\" data-e-type=\"column\">\n\t\t\t<div class=\"elementor-widget-wrap\">\n\t\t\t\t\t\t\t<\/div>\n\t\t<\/div>\n\t\t\t\t\t<\/div>\n\t\t<\/section>\n\t\t\t\t<section class=\"elementor-section elementor-top-section elementor-element elementor-element-d904008 elementor-section-boxed elementor-section-height-default elementor-section-height-default shape-bg-top-no shape-bg-bottom-no\" data-id=\"d904008\" data-element_type=\"section\" data-e-type=\"section\">\n\t\t\t\t\t\t<div class=\"elementor-container elementor-column-gap-default\">\n\t\t\t\t\t<div class=\"elementor-column elementor-col-50 elementor-top-column elementor-element elementor-element-a088867\" data-id=\"a088867\" data-element_type=\"column\" data-e-type=\"column\">\n\t\t\t<div class=\"elementor-widget-wrap elementor-element-populated\">\n\t\t\t\t\t\t<div class=\"elementor-element elementor-element-4b106b7 elementor-widget__width-initial elementor-widget elementor-widget-image\" data-id=\"4b106b7\" data-element_type=\"widget\" data-e-type=\"widget\" data-widget_type=\"image.default\">\n\t\t\t\t<div class=\"elementor-widget-container\">\n\t\t\t\t\t\t\t\t\t\t\t\t\t\t\t<img loading=\"lazy\" decoding=\"async\" width=\"900\" height=\"718\" src=\"https:\/\/www.hantuketimurunleri.com\/wp-content\/uploads\/2025\/09\/desktop-5-1024x817.png\" class=\"attachment-large size-large wp-image-1699\" alt=\"\" srcset=\"https:\/\/www.hantuketimurunleri.com\/wp-content\/uploads\/2025\/09\/desktop-5-1024x817.png 1024w, https:\/\/www.hantuketimurunleri.com\/wp-content\/uploads\/2025\/09\/desktop-5-768x612.png 768w, https:\/\/www.hantuketimurunleri.com\/wp-content\/uploads\/2025\/09\/desktop-5.png 1713w\" sizes=\"auto, (max-width: 900px) 100vw, 900px\" \/>\t\t\t\t\t\t\t\t\t\t\t\t\t\t\t<\/div>\n\t\t\t\t<\/div>\n\t\t\t\t\t<\/div>\n\t\t<\/div>\n\t\t\t\t<div class=\"elementor-column elementor-col-50 elementor-top-column elementor-element elementor-element-2c9c33a\" data-id=\"2c9c33a\" data-element_type=\"column\" data-e-type=\"column\">\n\t\t\t<div class=\"elementor-widget-wrap elementor-element-populated\">\n\t\t\t\t\t\t<div class=\"elementor-element elementor-element-2340059 elementor-widget elementor-widget-image\" data-id=\"2340059\" data-element_type=\"widget\" data-e-type=\"widget\" data-widget_type=\"image.default\">\n\t\t\t\t<div class=\"elementor-widget-container\">\n\t\t\t\t\t\t\t\t\t\t\t\t\t\t\t<img loading=\"lazy\" decoding=\"async\" width=\"175\" height=\"175\" src=\"https:\/\/www.hantuketimurunleri.com\/wp-content\/uploads\/2025\/09\/image_1080-175x175.webp\" class=\"attachment-thumbnail size-thumbnail wp-image-1698\" alt=\"\" srcset=\"https:\/\/www.hantuketimurunleri.com\/wp-content\/uploads\/2025\/09\/image_1080-175x175.webp 175w, https:\/\/www.hantuketimurunleri.com\/wp-content\/uploads\/2025\/09\/image_1080-1024x1024.webp 1024w, https:\/\/www.hantuketimurunleri.com\/wp-content\/uploads\/2025\/09\/image_1080-768x768.webp 768w, https:\/\/www.hantuketimurunleri.com\/wp-content\/uploads\/2025\/09\/image_1080.webp 1080w\" sizes=\"auto, (max-width: 175px) 100vw, 175px\" \/>\t\t\t\t\t\t\t\t\t\t\t\t\t\t\t<\/div>\n\t\t\t\t<\/div>\n\t\t\t\t<div class=\"elementor-element elementor-element-eb0ff3f elementor-widget__width-initial elementor-widget elementor-widget-gva_icon_box_group\" data-id=\"eb0ff3f\" data-element_type=\"widget\" data-e-type=\"widget\" data-widget_type=\"gva_icon_box_group.default\">\n\t\t\t\t<div class=\"elementor-widget-container\">\n\t\t\t\t\t<div class=\"gva-element-gva_icon_box_group gva-element\">\r\n<div class=\"gsc-icon-box-group layout-grid style-2\">\r\n\t<div class=\"lg-block-grid-3 md-block-grid-3 sm-block-grid-2 xs-block-grid-1 xx-block-grid-1\">\r\n\t\t\t\t\t\r\n\t\t\t<div class=\"item-columns\">\r\n\t\t\t\t\r\n<div class=\"icon-box-item elementor-repeater-item-9725e66\">\r\n\t<div class=\"icon-box-content\">\r\n\r\n\t\t\t\t\t\r\n\t\t\t<div class=\"box-icon\"><img decoding=\"async\" src=\"http:\/\/www.hantuketimurunleri.com\/wp-content\/uploads\/2025\/09\/internet.png\" alt=\"\" \/><\/div>\r\n\t\t\t<div class=\"content-inner\">\r\n\t\t\t\t\t\t\t<\/div>\r\n\t\t\t\r\n\t\t\t\r\n\t\t\r\n\t<\/div>  \t\r\n\t\t\t  <a href=\"https:\/\/otsanatural.com\/\" class=\"link-overlay\">\r\n\t\t\t \t\t  <\/a>\r\n\t\t  <\/div>\t\t\t<\/div>\r\n\r\n\t\t\t\t\t\r\n\t\t\t<div class=\"item-columns\">\r\n\t\t\t\t\r\n<div class=\"icon-box-item elementor-repeater-item-0d2edef\">\r\n\t<div class=\"icon-box-content\">\r\n\r\n\t\t\t\t\t\r\n\t\t\t<div class=\"box-icon\"><img decoding=\"async\" src=\"http:\/\/www.hantuketimurunleri.com\/wp-content\/uploads\/2025\/09\/instagram.png\" alt=\"\" \/><\/div>\r\n\t\t\t<div class=\"content-inner\">\r\n\t\t\t\t\t\t\t<\/div>\r\n\t\t\t\r\n\t\t\t\r\n\t\t\r\n\t<\/div>  \t\r\n\t\t\t  <a href=\"https:\/\/www.instagram.com\/otsanatural\" class=\"link-overlay\">\r\n\t\t\t \t\t  <\/a>\r\n\t\t  <\/div>\t\t\t<\/div>\r\n\r\n\t\t\t\t\t\r\n\t\t\t<div class=\"item-columns\">\r\n\t\t\t\t\r\n<div class=\"icon-box-item elementor-repeater-item-6315454\">\r\n\t<div class=\"icon-box-content\">\r\n\r\n\t\t\t\t\t\r\n\t\t\t<div class=\"box-icon\"><img decoding=\"async\" src=\"http:\/\/www.hantuketimurunleri.com\/wp-content\/uploads\/2025\/09\/linkedin.png\" alt=\"\" \/><\/div>\r\n\t\t\t<div class=\"content-inner\">\r\n\t\t\t\t\t\t\t<\/div>\r\n\t\t\t\r\n\t\t\t\r\n\t\t\r\n\t<\/div>  \t\r\n\t\t\t  <a href=\"Linkedin hesaplar\u0131  Greenlabel https:\/\/www.linkedin.com\/company\/104614985\/admin\/dashboard Purevits https:\/\/www.linkedin.com\/company\/103215011\/admin\/dashboard Bionative https:\/\/www.linkedin.com\/company\/86404266\/admin\/dashboard Otsa https:\/\/www.linkedin.com\/company\/107579762\/admin\/dashboard\" class=\"link-overlay\">\r\n\t\t\t \t\t  <\/a>\r\n\t\t  <\/div>\t\t\t<\/div>\r\n\r\n\t\t\t<\/div>   \r\n<\/div>\r\n<\/div>\t\t\t\t<\/div>\n\t\t\t\t<\/div>\n\t\t\t\t\t<\/div>\n\t\t<\/div>\n\t\t\t\t\t<\/div>\n\t\t<\/section>\n\t\t\t\t<section class=\"elementor-section elementor-top-section elementor-element elementor-element-dfcec26 elementor-section-boxed elementor-section-height-default elementor-section-height-default shape-bg-top-no shape-bg-bottom-no\" data-id=\"dfcec26\" data-element_type=\"section\" data-e-type=\"section\">\n\t\t\t\t\t\t<div class=\"elementor-container elementor-column-gap-default\">\n\t\t\t\t\t<div class=\"elementor-column elementor-col-100 elementor-top-column elementor-element elementor-element-e7a36d8\" data-id=\"e7a36d8\" data-element_type=\"column\" data-e-type=\"column\">\n\t\t\t<div class=\"elementor-widget-wrap elementor-element-populated\">\n\t\t\t\t\t\t<div class=\"elementor-element elementor-element-143addb elementor-widget elementor-widget-text-editor\" data-id=\"143addb\" data-element_type=\"widget\" data-e-type=\"widget\" data-widget_type=\"text-editor.default\">\n\t\t\t\t<div class=\"elementor-widget-container\">\n\t\t\t\t\t\t\t\t\t<p>Otsa Natural, 25 y\u0131ll\u0131k bir tecr\u00fcbenin \u00fcr\u00fcn\u00fc olan otsa natural markas\u0131, do\u011fal ve katk\u0131s\u0131z \u00fcr\u00fcnler sunma misyonuyla yola \u00e7\u0131km\u0131\u015ft\u0131r. Otsa ismi, do\u011fan\u0131n bize sundu\u011fu zenginliklerden ilham alarak, insan sa\u011fl\u0131\u011f\u0131na en uygun, en do\u011fal besinleri \u00fcretmeye odaklanmam\u0131z\u0131n bir sembol\u00fcd\u00fcr. Do\u011fal \u00fcr\u00fcnlere olan tutkumuz, bizi 25 y\u0131l \u00f6nce, sa\u011fl\u0131kl\u0131 beslenmeye ve ya\u015famaya dair ciddi bir sorumluluk hissetmeye itti. Ba\u015flang\u0131\u00e7tan bug\u00fcne kadar, her ad\u0131m\u0131m\u0131zda do\u011faya olan sayg\u0131m\u0131z\u0131 ve do\u011fan\u0131n sundu\u011fu g\u00fczellikleri en saf haliyle insanlara sunma amac\u0131m\u0131z\u0131 \u00f6n planda tuttuk.<br \/><br \/>Otsa&#8217;n\u0131n temel felsefesi, do\u011fadan gelen her \u015feyin saf ve do\u011fal haliyle t\u00fcketilmesi gerekti\u011fi inanc\u0131na dayanmaktad\u0131r. \u00dcr\u00fcnlerimiz, do\u011fada yeti\u015fen ve \u00f6zenle se\u00e7ilen hammaddelerden \u00fcretilmektedir. GDO&#8217;suz, katk\u0131 maddesiz ve do\u011fal olan \u00fcr\u00fcnlerimiz, sa\u011fl\u0131kl\u0131 ya\u015fam aray\u0131\u015f\u0131ndaki t\u00fcketicilerimizin ihtiya\u00e7lar\u0131na uygun olarak form\u00fcle edilmektedir. Do\u011fal sirkeler, k\u0131\u015f \u015furuplar\u0131, pekmezler, \u00e7aylar, kahveler, tahin ve \u00f6zler gibi bir\u00e7ok farkl\u0131 \u00fcr\u00fcn \u00e7e\u015fidini, her biri \u00f6zenle se\u00e7ilmi\u015f hammaddelerle \u00fcretiyoruz.<br \/><br \/>Bizler, bu \u00fcr\u00fcnleri kendimiz haz\u0131rl\u0131yoruz. \u00dcr\u00fcnlerimizin her a\u015famas\u0131nda kaliteyi ve do\u011fall\u0131\u011f\u0131 \u00f6n planda tutuyoruz. \u00dcr\u00fcn re\u00e7etelerimizi titizlikle olu\u015fturuyor ve \u00fcretim s\u00fcre\u00e7lerini kendi denetimimiz alt\u0131nda ger\u00e7ekle\u015ftiriyoruz. Amac\u0131m\u0131z, t\u00fcketicilerimize en kaliteli, katk\u0131 maddesiz ve sa\u011fl\u0131kl\u0131 \u00fcr\u00fcnleri sunabilmektir. Bu sayede, onlar\u0131 gl\u00fcten, basit \u015fekerler ve di\u011fer zararl\u0131 maddelerden uzak tutarak, do\u011fal ve sa\u011fl\u0131kl\u0131 bir ya\u015fam bi\u00e7imini benimsemelerine yard\u0131mc\u0131 oluyoruz.<br \/><br \/>Otsa olarak, sadece \u00fcr\u00fcnlerimizin kalitesini de\u011fil, \u00e7evremizi de d\u00fc\u015f\u00fcn\u00fcyoruz. Ambalajlar\u0131m\u0131z do\u011fa dostudur ve \u00fcretim s\u00fcrecimizde \u00e7evreye duyarl\u0131 bir yakla\u015f\u0131m sergiliyoruz. At\u0131k y\u00f6netimi sistemimiz sayesinde, do\u011fal kaynaklar\u0131n verimli bir \u015fekilde kullan\u0131lmas\u0131n\u0131 sa\u011fl\u0131yoruz. Gelece\u011fe d\u00f6n\u00fck hedeflerimiz aras\u0131nda, s\u00fcrd\u00fcr\u00fclebilir bir \u00fcretim s\u00fcreci olu\u015fturmak ve bu s\u00fcre\u00e7te \u00e7evreye en az zarar veren y\u00f6ntemleri kullanmakt\u0131r. \u00dcretimimiz T\u00fcrkiye&#8217;de yap\u0131lmakta olup, hammaddelerimiz d\u00fcnyan\u0131n farkl\u0131 k\u00f6ylerinden ve \u00f6zellikle T\u00fcrkiye&#8217;nin e\u015fsiz co\u011frafyas\u0131ndan se\u00e7ilmektedir.<br \/><br \/>Markam\u0131z\u0131n bir di\u011fer \u00f6nemli de\u011feri de, g\u00fcvenilirliktir. \u00dcr\u00fcnlerimizin her birini, halk\u0131m\u0131za sa\u011fl\u0131kl\u0131 bir \u015fekilde sunabilmek i\u00e7in \u00e7e\u015fitli sertifikalarla belgeliyoruz. Bu sertifikalar, \u00fcr\u00fcnlerimizin do\u011fall\u0131\u011f\u0131n\u0131 ve katk\u0131 maddesizli\u011fini kan\u0131tlamaktad\u0131r. Her bir \u00fcr\u00fcn\u00fcm\u00fcz\u00fcn etiketinde, hangi co\u011frafyadan tedarik edildi\u011fi ve hangi standartlara uygun oldu\u011fu bilgisi a\u00e7\u0131k\u00e7a belirtilmektedir. Bu sayede, Otsa markas\u0131n\u0131 tercih eden t\u00fcketicilerimiz, g\u00fcvenle \u00fcr\u00fcnlerimizi kullanabilmektedirler.<br \/><br \/>Gelece\u011fe dair hedefimiz, Otsa&#8217;y\u0131 do\u011fal i\u00e7erikli \u00fcr\u00fcnler denince akla gelen ilk marka yapmak ve bu alanda lider olmakt\u0131r. 25 y\u0131ll\u0131k bir ge\u00e7mi\u015fe sahip olan Otsa Natural, her zaman modern t\u00fcketici taleplerine uygun \u00e7\u00f6z\u00fcmler sunarak, sa\u011fl\u0131kl\u0131 ya\u015fam\u0131 benimseyen herkese hitap etmeyi ama\u00e7lamaktad\u0131r. Geli\u015ftirdi\u011fimiz \u00fcr\u00fcnler ile sadece bug\u00fcn\u00fc de\u011fil, gelece\u011fi de g\u00fcvence alt\u0131na alarak, sa\u011fl\u0131kl\u0131 ve s\u00fcrd\u00fcr\u00fclebilir bir ya\u015fam sunmay\u0131 hedefliyoruz.<br \/><br \/>Do\u011fal, katk\u0131s\u0131z ve sa\u011fl\u0131kl\u0131 \u00fcr\u00fcnlerle insanlar\u0131n ya\u015fam kalitesini art\u0131rmay\u0131 ve do\u011faya sayg\u0131l\u0131 bir \u015fekilde \u00fcretim yapmay\u0131 s\u00fcrd\u00fcrece\u011fiz. Otsa olarak, her zaman sizin ve sevdiklerinizin sa\u011fl\u0131\u011f\u0131 i\u00e7in en kaliteli ve g\u00fcvenilir \u00fcr\u00fcnleri sunmaya devam edece\u011fiz.<\/p>\t\t\t\t\t\t\t\t<\/div>\n\t\t\t\t<\/div>\n\t\t\t\t\t<\/div>\n\t\t<\/div>\n\t\t\t\t\t<\/div>\n\t\t<\/section>\n\t\t\t\t<\/div>\n\t\t","protected":false},"excerpt":{"rendered":"<p>Otsa Home Sayfa Otsa Natural, 25 y\u0131ll\u0131k bir tecr\u00fcbenin \u00fcr\u00fcn\u00fc olan otsa natural markas\u0131, do\u011fal ve katk\u0131s\u0131z \u00fcr\u00fcnler sunma misyonuyla yola \u00e7\u0131km\u0131\u015ft\u0131r. Otsa ismi, do\u011fan\u0131n bize sundu\u011fu zenginliklerden ilham alarak, [&hellip;]<\/p>\n","protected":false},"author":1,"featured_media":0,"parent":0,"menu_order":0,"comment_status":"closed","ping_status":"closed","template":"","meta":{"_eb_attr":"","footnotes":""},"class_list":["post-1696","page","type-page","status-publish","hentry"],"_links":{"self":[{"href":"https:\/\/www.hantuketimurunleri.com\/index.php\/wp-json\/wp\/v2\/pages\/1696","targetHints":{"allow":["GET"]}}],"collection":[{"href":"https:\/\/www.hantuketimurunleri.com\/index.php\/wp-json\/wp\/v2\/pages"}],"about":[{"href":"https:\/\/www.hantuketimurunleri.com\/index.php\/wp-json\/wp\/v2\/types\/page"}],"author":[{"embeddable":true,"href":"https:\/\/www.hantuketimurunleri.com\/index.php\/wp-json\/wp\/v2\/users\/1"}],"replies":[{"embeddable":true,"href":"https:\/\/www.hantuketimurunleri.com\/index.php\/wp-json\/wp\/v2\/comments?post=1696"}],"version-history":[{"count":11,"href":"https:\/\/www.hantuketimurunleri.com\/index.php\/wp-json\/wp\/v2\/pages\/1696\/revisions"}],"predecessor-version":[{"id":1887,"href":"https:\/\/www.hantuketimurunleri.com\/index.php\/wp-json\/wp\/v2\/pages\/1696\/revisions\/1887"}],"wp:attachment":[{"href":"https:\/\/www.hantuketimurunleri.com\/index.php\/wp-json\/wp\/v2\/media?parent=1696"}],"curies":[{"name":"wp","href":"https:\/\/api.w.org\/{rel}","templated":true}]}}